{"id":6535,"date":"2023-09-04T14:12:00","date_gmt":"2023-09-04T13:12:00","guid":{"rendered":"https:\/\/educartenatureza.uab.pt\/?post_type=event&#038;p=6535"},"modified":"2024-03-12T18:03:00","modified_gmt":"2024-03-12T18:03:00","slug":"o-tronco-ii-encontro-educartenatureza","status":"publish","type":"event","link":"https:\/\/educartenatureza.uab.pt\/es\/evento\/o-tronco-ii-encontro-educartenatureza\/","title":{"rendered":"O tronco &#8211; II Encontro Educ@rteNatureza"},"content":{"rendered":"\n<figure class=\"wp-block-image size-large\"><img loading=\"lazy\" decoding=\"async\" width=\"1024\" height=\"724\" src=\"https:\/\/educartenatureza.uab.pt\/es\/wp-content\/uploads\/sites\/38\/2023\/09\/Copia-de-Cartaz_-Encontro-Tronco-1024x724.png\" alt=\"Cartaz o II ENCONTRO EducarteNatureza - O Tronco\" class=\"wp-image-7178\" srcset=\"https:\/\/educartenatureza.uab.pt\/es\/wp-content\/uploads\/sites\/38\/2023\/09\/Copia-de-Cartaz_-Encontro-Tronco-1024x724.png 1024w, https:\/\/educartenatureza.uab.pt\/es\/wp-content\/uploads\/sites\/38\/2023\/09\/Copia-de-Cartaz_-Encontro-Tronco-300x212.png 300w, https:\/\/educartenatureza.uab.pt\/es\/wp-content\/uploads\/sites\/38\/2023\/09\/Copia-de-Cartaz_-Encontro-Tronco-768x543.png 768w, https:\/\/educartenatureza.uab.pt\/es\/wp-content\/uploads\/sites\/38\/2023\/09\/Copia-de-Cartaz_-Encontro-Tronco-1536x1086.png 1536w, https:\/\/educartenatureza.uab.pt\/es\/wp-content\/uploads\/sites\/38\/2023\/09\/Copia-de-Cartaz_-Encontro-Tronco.png 2000w\" sizes=\"auto, (max-width: 1024px) 100vw, 1024px\" \/><\/figure>\n\n\n\n<hr class=\"wp-block-separator has-alpha-channel-opacity\"\/>\n\n\n\n<!--nextpage-->\n\n\n\n<p>Educar tendo a natureza como contexto e a arte como pretexto para desenhar diversas coreografias de aprendizagem \u00e9, no mundo de hoje, um importante caminho para a valoriza\u00e7\u00e3o da(s) terra(s) onde vivemos e a promo\u00e7\u00e3o de uma cidadania ativa e participada<\/p>\n\n\n\n<p>Educ@rteNatureza pretende promover a literacia ambiental, dando voz e valor aos espa\u00e7os que nos cercam atrav\u00e9s da escuta e escrita de hist\u00f3rias naturais, mem\u00f3rias e valor patrimonial das comunidades.<\/p>\n\n\n\n<p>O II Encontro Educ@rteNatureza \u2013 O Tronco, constituir-se-\u00e1 como um momento de fundamenta\u00e7\u00e3o e de constru\u00e7\u00e3o, por um lado, de coer\u00eancia entre saberes e, por outro, de reaprendizagens em torno da &#8220;naturalidade do que somos&#8221;. <\/p>\n\n\n\n<p>Este II Encontro decorrer\u00e1 na Associa\u00e7\u00e3o Musical da Pocari\u00e7a, no dia 6 de setembro de 2023. Trata-se de uma coorganiza\u00e7\u00e3o da C\u00e2mara Municipal de Cantanhede, Universidade Aberta e Faculdade de Psicologia e de Ci\u00eancias da Educa\u00e7\u00e3o da Universidade de Coimbra, que conta com o apoio do Centro de Forma\u00e7\u00e3o da Associa\u00e7\u00e3o de Escolas Beira Mar e da Associa\u00e7\u00e3o Musical da Pocari\u00e7a.&nbsp;<\/p>\n\n\n\n<p>A participa\u00e7\u00e3o no II Encontro Educ@rteNatureza \u2013 O Tronco \u00e9 gratuita mas est\u00e1 sujeita a inscri\u00e7\u00e3o pr\u00e9via.&nbsp;<\/p>\n\n\n\n<p>A inscri\u00e7\u00e3o \u00e9 realizada atrav\u00e9s do link:&nbsp;<a rel=\"noreferrer noopener\" href=\"https:\/\/forms.gle\/rPgEWAqbjVnXBmJYA\" target=\"_blank\">https:\/\/forms.gle\/rPgEWAqbjVnXBmJYA<\/a><\/p>\n\n\n\n<p>Esta iniciativa est\u00e1 acreditada enquanto a\u00e7\u00f5es de forma\u00e7\u00e3o de curta dura\u00e7\u00e3o (despacho n.\u00ba 5741\/2015), pelo Centro de Forma\u00e7\u00e3o da Associa\u00e7\u00e3o de Escolas de Beira Mar.<\/p>\n","protected":false},"excerpt":{"rendered":"","protected":false},"featured_media":7178,"parent":0,"menu_order":0,"template":"","meta":{"speak2many_translation":"","custompostfields_event_date_end":"2023-09-06T14:10:50","custompostfields_event_date_start":"2023-09-06T14:10:50","custompostfields_sign_date_start":"2023-07-05T14:10:50","custompostfields_sign_date_end":"2023-09-04T14:10:50","custompostfields_sign_link":"https:\/\/forms.gle\/rPgEWAqbjVnXBmJYA","footnotes":""},"talk-event":[46],"event-type":[17],"class_list":["post-6535","event","type-event","status-publish","has-post-thumbnail","hentry","talk-event-o-tronco-ii-encontro-educrtenatureza"],"_links":{"self":[{"href":"https:\/\/educartenatureza.uab.pt\/es\/wp-json\/wp\/v2\/event\/6535","targetHints":{"allow":["GET"]}}],"collection":[{"href":"https:\/\/educartenatureza.uab.pt\/es\/wp-json\/wp\/v2\/event"}],"about":[{"href":"https:\/\/educartenatureza.uab.pt\/es\/wp-json\/wp\/v2\/types\/event"}],"version-history":[{"count":3,"href":"https:\/\/educartenatureza.uab.pt\/es\/wp-json\/wp\/v2\/event\/6535\/revisions"}],"predecessor-version":[{"id":7342,"href":"https:\/\/educartenatureza.uab.pt\/es\/wp-json\/wp\/v2\/event\/6535\/revisions\/7342"}],"wp:featuredmedia":[{"embeddable":true,"href":"https:\/\/educartenatureza.uab.pt\/es\/wp-json\/wp\/v2\/media\/7178"}],"wp:attachment":[{"href":"https:\/\/educartenatureza.uab.pt\/es\/wp-json\/wp\/v2\/media?parent=6535"}],"wp:term":[{"taxonomy":"talk-event","embeddable":true,"href":"https:\/\/educartenatureza.uab.pt\/es\/wp-json\/wp\/v2\/talk-event?post=6535"},{"taxonomy":"event-type","embeddable":true,"href":"https:\/\/educartenatureza.uab.pt\/es\/wp-json\/wp\/v2\/event-type?post=6535"}],"curies":[{"name":"wp","href":"https:\/\/api.w.org\/{rel}","templated":true}]}}

<figure class="wp-block-image size-large"><img loading="lazy" decoding="async" width="1024" height="724" src="https://educartenatureza.uab.pt/es/wp-content/uploads/sites/38/2023/09/Copia-de-Cartaz_-Encontro-Tronco-1024x724.png" alt="Cartaz o II ENCONTRO EducarteNatureza - O Tronco" class="wp-image-7178" srcset="https://educartenatureza.uab.pt/es/wp-content/uploads/sites/38/2023/09/Copia-de-Cartaz_-Encontro-Tronco-1024x724.png 1024w, https://educartenatureza.uab.pt/es/wp-content/uploads/sites/38/2023/09/Copia-de-Cartaz_-Encontro-Tronco-300x212.png 300w, https://educartenatureza.uab.pt/es/wp-content/uploads/sites/38/2023/09/Copia-de-Cartaz_-Encontro-Tronco-768x543.png 768w, https://educartenatureza.uab.pt/es/wp-content/uploads/sites/38/2023/09/Copia-de-Cartaz_-Encontro-Tronco-1536x1086.png 1536w, https://educartenatureza.uab.pt/es/wp-content/uploads/sites/38/2023/09/Copia-de-Cartaz_-Encontro-Tronco.png 2000w" sizes="auto, (max-width: 1024px) 100vw, 1024px" /></figure>



<hr class="wp-block-separator has-alpha-channel-opacity"/>



<!--nextpage-->



<p>Educar tendo a natureza como contexto e a arte como pretexto para desenhar diversas coreografias de aprendizagem é, no mundo de hoje, um importante caminho para a valorização da(s) terra(s) onde vivemos e a promoção de uma cidadania ativa e participada</p>



<p>Educ@rteNatureza pretende promover a literacia ambiental, dando voz e valor aos espaços que nos cercam através da escuta e escrita de histórias naturais, memórias e valor patrimonial das comunidades.</p>



<p>O II Encontro Educ@rteNatureza – O Tronco, constituir-se-á como um momento de fundamentação e de construção, por um lado, de coerência entre saberes e, por outro, de reaprendizagens em torno da &#8220;naturalidade do que somos&#8221;. </p>



<p>Este II Encontro decorrerá na Associação Musical da Pocariça, no dia 6 de setembro de 2023. Trata-se de uma coorganização da Câmara Municipal de Cantanhede, Universidade Aberta e Faculdade de Psicologia e de Ciências da Educação da Universidade de Coimbra, que conta com o apoio do Centro de Formação da Associação de Escolas Beira Mar e da Associação Musical da Pocariça.&nbsp;</p>



<p>A participação no II Encontro Educ@rteNatureza – O Tronco é gratuita mas está sujeita a inscrição prévia.&nbsp;</p>



<p>A inscrição é realizada através do link:&nbsp;<a rel="noreferrer noopener" href="https://forms.gle/rPgEWAqbjVnXBmJYA" target="_blank">https://forms.gle/rPgEWAqbjVnXBmJYA</a></p>



<p>Esta iniciativa está acreditada enquanto ações de formação de curta duração (despacho n.º 5741/2015), pelo Centro de Formação da Associação de Escolas de Beira Mar.</p>
