{"id":950,"date":"2023-05-17T10:35:52","date_gmt":"2023-05-17T09:35:52","guid":{"rendered":"https:\/\/sites.uab.pt\/educarte-natureza\/?page_id=950"},"modified":"2023-09-04T23:27:26","modified_gmt":"2023-09-04T22:27:26","slug":"mision-y-marco","status":"publish","type":"page","link":"https:\/\/educartenatureza.uab.pt\/es\/proyecto\/mision-y-marco\/","title":{"rendered":"Misi\u00f3n y marco"},"content":{"rendered":"\n<div id=\"gbc-97d3e7-55\" class=\"wp-block-c3-framew-gutenbergblocks-advancedcontainer gbc gbc-view row-valign-top align-full c3-framew-gutenbergblocks-advancedcontainer\" style=\"background-color:#eeeeee;color:#591c1c\"><div class=\"gbc-background-overlay gbc-background-overlay-normal\" style=\"opacity:0.3\"><\/div><div class=\"gbc-wrapper\" style=\"padding-top:100px;padding-bottom:0px\"><div id=\"gbc-container-gbc-97d3e7-55\" class=\"inner-container container\" style=\"color:#591c1c\">\n<h1 class=\"wp-block-heading has-text-color\" style=\"color:#591c1c\"><strong><strong>Misi\u00f3n y marco<\/strong><\/strong><\/h1>\n\n\n\n<div style=\"height:20px\" aria-hidden=\"true\" class=\"wp-block-spacer\"><\/div>\n\n\n\n<p class=\"has-medium-font-size\">El proyecto educativo, y de desarrollo personal, formativo y profesional, se construir\u00e1 considerando un conjunto de escenarios y propuestas formativas \u2013 coreograf\u00edas de aprendizaje \u2013 que tienen como objetivo promover el desarrollo de una ciudadan\u00eda activa con participaci\u00f3n cr\u00edtica, lo que implica un perfecto dominio de uno mismo, combinando conocimientos, saber aprender, saber ser y saber hacer.<\/p>\n\n\n\n<p class=\"has-medium-font-size\">Adem\u00e1s, el proyecto representa una respuesta a las preocupaciones de la UNESCO por el desarrollo sostenible, que necesariamente implica una educaci\u00f3n de calidad sostenida en metodolog\u00edas activas, en contextos reales y naturales, todo lo cual promueve la innovaci\u00f3n y el esp\u00edritu empresarial, necesarios para la apertura a otros logros personales y profesionales y riquezas de la comunidad circundante. Se pretende, en general, respetar lo que Edgar Morin design\u00f3 ya en 1999 los siete saberes necesarios para la educaci\u00f3n del futuro en los que se integran &#8220;los principios de un conocimiento pertinente&#8221;, la &#8220;ense\u00f1anza de la condici\u00f3n humana&#8221;, la &#8220;ense\u00f1anza de la identidad terrena&#8221; y la &#8220;ense\u00f1anza de la comprensi\u00f3n&#8221;.<\/p>\n<\/div><\/div><\/div>\n\n\n\n<div id=\"gbc-bff349-bb\" class=\"wp-block-c3-framew-gutenbergblocks-advancedcontainer gbc gbc-view row-valign-top align-full c3-framew-gutenbergblocks-advancedcontainer\" style=\"background-color:#eeeeee\"><div class=\"gbc-wrapper\" style=\"padding-top:50px;padding-bottom:0\"><div id=\"gbc-container-gbc-bff349-bb\" class=\"inner-container\">\n<hr class=\"wp-block-separator alignfull has-text-color has-alpha-channel-opacity has-background is-style-wide\" style=\"background-color:#591c1c;color:#591c1c\"\/>\n<\/div><\/div><\/div>\n\n\n\n<div id=\"gbc-86e339-ae\" class=\"wp-block-c3-framew-gutenbergblocks-advancedcontainer gbc gbc-view row-valign-top align-full c3-framew-gutenbergblocks-advancedcontainer\" style=\"background-color:#eeeeee;color:#591c1c\"><div class=\"gbc-background-overlay gbc-background-overlay-normal\" style=\"opacity:0.3\"><\/div><div class=\"gbc-wrapper\" style=\"padding-top:80px;padding-bottom:60px\"><div id=\"gbc-container-gbc-86e339-ae\" class=\"inner-container container\" style=\"color:#591c1c\">\n<div class=\"wp-block-columns is-layout-flex wp-container-core-columns-is-layout-9d6595d7 wp-block-columns-is-layout-flex\">\n<div class=\"wp-block-column is-layout-flow wp-block-column-is-layout-flow\">\n<p class=\"has-medium-font-size\">Desarrollo sostenible, \u2013 El tema de la sostenibilidad y el desarrollo sostenible ha sido trabajado por varias organizaciones. Hoy en d\u00eda, los Objetivos de Desarrollo Sostenible (ODS) definidos por la UNESCO son el punto de partida para la construcci\u00f3n de diversos proyectos y su validaci\u00f3n.<\/p>\n\n\n\n<p class=\"has-medium-font-size\">La Agenda 2030 y los 17 ODS (Fig.1) son el marco clave que compartimos en este proyecto.<\/p>\n\n\n\n<p class=\"has-medium-font-size\">La UNESCO en un estudio publicado en 2021, afirma que los ni\u00f1os y los j\u00f3venes necesitan ser ayudados, ense\u00f1ados a aprender c\u00f3mo actuar en nuestro planeta. Por otro lado, afirman que este aprendizaje es fundamental y que los planes de estudio de la escuela necesitan ajustarse a esta necesidad global.<\/p>\n<\/div>\n\n\n\n<div class=\"wp-block-column is-layout-flow wp-block-column-is-layout-flow\" style=\"flex-basis:20px\"><\/div>\n\n\n\n<div class=\"wp-block-column is-layout-flow wp-block-column-is-layout-flow\"><div class=\"wp-block-image\">\n<figure class=\"aligncenter size-full\"><img loading=\"lazy\" decoding=\"async\" width=\"916\" height=\"598\" src=\"https:\/\/educartenatureza.uab.pt\/es\/wp-content\/uploads\/sites\/38\/2023\/06\/objetivosdev.png\" alt=\"Objetivos desenvolvimento sustent\u00e1vel\" class=\"wp-image-4910\" srcset=\"https:\/\/educartenatureza.uab.pt\/es\/wp-content\/uploads\/sites\/38\/2023\/06\/objetivosdev.png 916w, https:\/\/educartenatureza.uab.pt\/es\/wp-content\/uploads\/sites\/38\/2023\/06\/objetivosdev-300x196.png 300w, https:\/\/educartenatureza.uab.pt\/es\/wp-content\/uploads\/sites\/38\/2023\/06\/objetivosdev-768x501.png 768w\" sizes=\"auto, (max-width: 916px) 100vw, 916px\" \/><\/figure>\n<\/div>\n\n\n<div style=\"height:20px\" aria-hidden=\"true\" class=\"wp-block-spacer\"><\/div>\n\n\n\n<p class=\"has-text-align-center has-small-font-size\">Fig.1 \u2013 Objetivos de desarrollo sostenible (<a href=\"https:\/\/www.dge.mec.pt\/objetivos-de-desenvolvimento-sustentavel-ods\">https:\/\/www.dge.mec.pt\/objetivos-de-desenvolvimento-sustentavel-ods<\/a>) (<a href=\"https:\/\/unescoportugal.mne.gov.pt\/pt\/temas\/objetivos-de-desenvolvimento-sustentavel\/os-17-ods\">https:\/\/unescoportugal.mne.gov.pt\/pt\/temas\/objetivos-de-desenvolvimento-sustentavel\/os-17-ods<\/a>)<\/p>\n<\/div>\n<\/div>\n\n\n\n<div style=\"height:20px\" aria-hidden=\"true\" class=\"wp-block-spacer\"><\/div>\n<\/div><\/div><\/div>\n","protected":false},"excerpt":{"rendered":"","protected":false},"author":1,"featured_media":0,"parent":2,"menu_order":20,"comment_status":"closed","ping_status":"closed","template":"","meta":{"speak2many_translation":"{\"pt-PT\":{\"postID\":null,\"postTitle\":\"\",\"siteID\":36,\"customURL\":true,\"languageInfo\":{\"speak2many_site_api_url\":\"https:\/\/educartenatureza.uab.pt\/wp-json\/\",\"name\":\"Portugu\u00eas\",\"locale\":\"pt_PT_ao90\"},\"langKey\":\"pt-PT\",\"url\":\"https:\/\/educartenatureza.uab.pt\/projeto\/missao-e-enquadramento\/\"},\"es\":{\"url\":\"\",\"postID\":null,\"postTitle\":\"\",\"siteID\":38,\"customURL\":true,\"languageInfo\":{\"name\":\"Espa\u00f1ol\",\"locale\":\"es_ES\"},\"langKey\":\"es\"}}","footnotes":""},"class_list":["post-950","page","type-page","status-publish","hentry"],"_links":{"self":[{"href":"https:\/\/educartenatureza.uab.pt\/es\/wp-json\/wp\/v2\/pages\/950","targetHints":{"allow":["GET"]}}],"collection":[{"href":"https:\/\/educartenatureza.uab.pt\/es\/wp-json\/wp\/v2\/pages"}],"about":[{"href":"https:\/\/educartenatureza.uab.pt\/es\/wp-json\/wp\/v2\/types\/page"}],"author":[{"embeddable":true,"href":"https:\/\/educartenatureza.uab.pt\/es\/wp-json\/wp\/v2\/users\/1"}],"replies":[{"embeddable":true,"href":"https:\/\/educartenatureza.uab.pt\/es\/wp-json\/wp\/v2\/comments?post=950"}],"version-history":[{"count":3,"href":"https:\/\/educartenatureza.uab.pt\/es\/wp-json\/wp\/v2\/pages\/950\/revisions"}],"predecessor-version":[{"id":6837,"href":"https:\/\/educartenatureza.uab.pt\/es\/wp-json\/wp\/v2\/pages\/950\/revisions\/6837"}],"up":[{"embeddable":true,"href":"https:\/\/educartenatureza.uab.pt\/es\/wp-json\/wp\/v2\/pages\/2"}],"wp:attachment":[{"href":"https:\/\/educartenatureza.uab.pt\/es\/wp-json\/wp\/v2\/media?parent=950"}],"curies":[{"name":"wp","href":"https:\/\/api.w.org\/{rel}","templated":true}]}}

Misión y marco

<div id="gbc-97d3e7-55" class="wp-block-c3-framew-gutenbergblocks-advancedcontainer gbc gbc-view row-valign-top align-full c3-framew-gutenbergblocks-advancedcontainer" style="background-color:#eeeeee;color:#591c1c"><div class="gbc-background-overlay gbc-background-overlay-normal" style="opacity:0.3"></div><div class="gbc-wrapper" style="padding-top:100px;padding-bottom:0px"><div id="gbc-container-gbc-97d3e7-55" class="inner-container container" style="color:#591c1c">
<h1 class="wp-block-heading has-text-color" style="color:#591c1c"><strong><strong>Misión y marco</strong></strong></h1>



<div style="height:20px" aria-hidden="true" class="wp-block-spacer"></div>



<p class="has-medium-font-size">El proyecto educativo, y de desarrollo personal, formativo y profesional, se construirá considerando un conjunto de escenarios y propuestas formativas – coreografías de aprendizaje – que tienen como objetivo promover el desarrollo de una ciudadanía activa con participación crítica, lo que implica un perfecto dominio de uno mismo, combinando conocimientos, saber aprender, saber ser y saber hacer.</p>



<p class="has-medium-font-size">Además, el proyecto representa una respuesta a las preocupaciones de la UNESCO por el desarrollo sostenible, que necesariamente implica una educación de calidad sostenida en metodologías activas, en contextos reales y naturales, todo lo cual promueve la innovación y el espíritu empresarial, necesarios para la apertura a otros logros personales y profesionales y riquezas de la comunidad circundante. Se pretende, en general, respetar lo que Edgar Morin designó ya en 1999 los siete saberes necesarios para la educación del futuro en los que se integran &#8220;los principios de un conocimiento pertinente&#8221;, la &#8220;enseñanza de la condición humana&#8221;, la &#8220;enseñanza de la identidad terrena&#8221; y la &#8220;enseñanza de la comprensión&#8221;.</p>
</div></div></div>



<div id="gbc-bff349-bb" class="wp-block-c3-framew-gutenbergblocks-advancedcontainer gbc gbc-view row-valign-top align-full c3-framew-gutenbergblocks-advancedcontainer" style="background-color:#eeeeee"><div class="gbc-wrapper" style="padding-top:50px;padding-bottom:0"><div id="gbc-container-gbc-bff349-bb" class="inner-container">
<hr class="wp-block-separator alignfull has-text-color has-alpha-channel-opacity has-background is-style-wide" style="background-color:#591c1c;color:#591c1c"/>
</div></div></div>



<div id="gbc-86e339-ae" class="wp-block-c3-framew-gutenbergblocks-advancedcontainer gbc gbc-view row-valign-top align-full c3-framew-gutenbergblocks-advancedcontainer" style="background-color:#eeeeee;color:#591c1c"><div class="gbc-background-overlay gbc-background-overlay-normal" style="opacity:0.3"></div><div class="gbc-wrapper" style="padding-top:80px;padding-bottom:60px"><div id="gbc-container-gbc-86e339-ae" class="inner-container container" style="color:#591c1c">
<div class="wp-block-columns is-layout-flex wp-container-core-columns-is-layout-9d6595d7 wp-block-columns-is-layout-flex">
<div class="wp-block-column is-layout-flow wp-block-column-is-layout-flow">
<p class="has-medium-font-size">Desarrollo sostenible, – El tema de la sostenibilidad y el desarrollo sostenible ha sido trabajado por varias organizaciones. Hoy en día, los Objetivos de Desarrollo Sostenible (ODS) definidos por la UNESCO son el punto de partida para la construcción de diversos proyectos y su validación.</p>



<p class="has-medium-font-size">La Agenda 2030 y los 17 ODS (Fig.1) son el marco clave que compartimos en este proyecto.</p>



<p class="has-medium-font-size">La UNESCO en un estudio publicado en 2021, afirma que los niños y los jóvenes necesitan ser ayudados, enseñados a aprender cómo actuar en nuestro planeta. Por otro lado, afirman que este aprendizaje es fundamental y que los planes de estudio de la escuela necesitan ajustarse a esta necesidad global.</p>
</div>



<div class="wp-block-column is-layout-flow wp-block-column-is-layout-flow" style="flex-basis:20px"></div>



<div class="wp-block-column is-layout-flow wp-block-column-is-layout-flow"><div class="wp-block-image">
<figure class="aligncenter size-full"><img loading="lazy" decoding="async" width="916" height="598" src="https://educartenatureza.uab.pt/es/wp-content/uploads/sites/38/2023/06/objetivosdev.png" alt="Objetivos desenvolvimento sustentável" class="wp-image-4910" srcset="https://educartenatureza.uab.pt/es/wp-content/uploads/sites/38/2023/06/objetivosdev.png 916w, https://educartenatureza.uab.pt/es/wp-content/uploads/sites/38/2023/06/objetivosdev-300x196.png 300w, https://educartenatureza.uab.pt/es/wp-content/uploads/sites/38/2023/06/objetivosdev-768x501.png 768w" sizes="auto, (max-width: 916px) 100vw, 916px" /></figure>
</div>


<div style="height:20px" aria-hidden="true" class="wp-block-spacer"></div>



<p class="has-text-align-center has-small-font-size">Fig.1 – Objetivos de desarrollo sostenible (<a href="https://www.dge.mec.pt/objetivos-de-desenvolvimento-sustentavel-ods">https://www.dge.mec.pt/objetivos-de-desenvolvimento-sustentavel-ods</a>) (<a href="https://unescoportugal.mne.gov.pt/pt/temas/objetivos-de-desenvolvimento-sustentavel/os-17-ods">https://unescoportugal.mne.gov.pt/pt/temas/objetivos-de-desenvolvimento-sustentavel/os-17-ods</a>)</p>
</div>
</div>



<div style="height:20px" aria-hidden="true" class="wp-block-spacer"></div>
</div></div></div>

{"pt-PT":{"postID":null,"postTitle":"","siteID":36,"customURL":true,"languageInfo":{"speak2many_site_api_url":"https://educartenatureza.uab.pt/wp-json/","name":"Português","locale":"pt_PT_ao90"},"langKey":"pt-PT","url":"https://educartenatureza.uab.pt/projeto/missao-e-enquadramento/"},"es":{"url":"","postID":null,"postTitle":"","siteID":38,"customURL":true,"languageInfo":{"name":"Español","locale":"es_ES"},"langKey":"es"}}
