{"id":6506,"date":"2023-09-04T13:28:33","date_gmt":"2023-09-04T12:28:33","guid":{"rendered":"https:\/\/educartenatureza.uab.pt\/?post_type=partnership&#038;p=6506"},"modified":"2023-09-05T16:35:23","modified_gmt":"2023-09-05T15:35:23","slug":"uab-2","status":"publish","type":"partnership","link":"https:\/\/educartenatureza.uab.pt\/es\/entidade\/uab-2\/","title":{"rendered":"Universidade Aberta Portugal"},"content":{"rendered":"\n<p>Creada en 1988, la Universidad Abierta (UAb) es la \u00fanica universidad p\u00fablica a distancia de Portugal. Por su finalidad, la UAb hace un uso integral de las m\u00e1s avanzadas tecnolog\u00edas y m\u00e9todos de ense\u00f1anza a distancia en sus actividades docentes, sin fronteras geogr\u00e1ficas ni barreras f\u00edsicas, y poniendo especial \u00e9nfasis en la expansi\u00f3n de la lengua y la cultura portuguesas en el \u00e1rea lus\u00f3fona (comunidades migrantes y pa\u00edses de lengua portuguesa).<\/p>\n\n\n\n<p>La misi\u00f3n de la Universidad Abierta, a lo largo de sus m\u00e1s de tres d\u00e9cadas de existencia, ha sido formar, capacitar y promover el acceso al conocimiento, bas\u00e1ndose en un modelo y pr\u00e1cticas pedag\u00f3gicas inclusivas y sostenibles, orientadas a la promoci\u00f3n y valorizaci\u00f3n del conocimiento y a la integraci\u00f3n cultural y social en lengua portuguesa.<\/p>\n\n\n\n<p>El proyecto Educ@rteNatureza es fruto de la organizaci\u00f3n conjunta de la Facultad de Psicolog\u00eda y Ciencias de la Educaci\u00f3n de la Universidad de Co\u00edmbra, el Ayuntamiento de Cantanhede y la <a href=\"https:\/\/portal.uab.pt\/\" data-type=\"link\" data-id=\"https:\/\/portal.uab.pt\/\">Universidade Aberta Portugal<\/a>. <\/p>\n\n\n\n<p><\/p>\n\n\n\n<p><\/p>\n","protected":false},"excerpt":{"rendered":"Creada en 1988, la Universidad Abierta (UAb) es la \u00fanica universidad p\u00fablica a distancia de Portugal. Por su finalidad, la UAb hace un uso integral de las m\u00e1s avanzadas tecnolog\u00edas y m\u00e9todos de ense\u00f1anza a distancia en sus actividades docentes, sin fronteras geogr\u00e1ficas ni barreras f\u00edsicas, y poniendo especial \u00e9nfasis en la expansi\u00f3n de la [&hellip;]","protected":false},"featured_media":6513,"parent":0,"menu_order":0,"template":"","partnership-role":[19],"class_list":["post-6506","partnership","type-partnership","status-publish","has-post-thumbnail","hentry"],"_links":{"self":[{"href":"https:\/\/educartenatureza.uab.pt\/es\/wp-json\/wp\/v2\/partnership\/6506","targetHints":{"allow":["GET"]}}],"collection":[{"href":"https:\/\/educartenatureza.uab.pt\/es\/wp-json\/wp\/v2\/partnership"}],"about":[{"href":"https:\/\/educartenatureza.uab.pt\/es\/wp-json\/wp\/v2\/types\/partnership"}],"version-history":[{"count":3,"href":"https:\/\/educartenatureza.uab.pt\/es\/wp-json\/wp\/v2\/partnership\/6506\/revisions"}],"predecessor-version":[{"id":7105,"href":"https:\/\/educartenatureza.uab.pt\/es\/wp-json\/wp\/v2\/partnership\/6506\/revisions\/7105"}],"wp:featuredmedia":[{"embeddable":true,"href":"https:\/\/educartenatureza.uab.pt\/es\/wp-json\/wp\/v2\/media\/6513"}],"wp:attachment":[{"href":"https:\/\/educartenatureza.uab.pt\/es\/wp-json\/wp\/v2\/media?parent=6506"}],"wp:term":[{"taxonomy":"partnership-role","embeddable":true,"href":"https:\/\/educartenatureza.uab.pt\/es\/wp-json\/wp\/v2\/partnership-role?post=6506"}],"curies":[{"name":"wp","href":"https:\/\/api.w.org\/{rel}","templated":true}]}}

<p>Creada en 1988, la Universidad Abierta (UAb) es la única universidad pública a distancia de Portugal. Por su finalidad, la UAb hace un uso integral de las más avanzadas tecnologías y métodos de enseñanza a distancia en sus actividades docentes, sin fronteras geográficas ni barreras físicas, y poniendo especial énfasis en la expansión de la lengua y la cultura portuguesas en el área lusófona (comunidades migrantes y países de lengua portuguesa).</p>



<p>La misión de la Universidad Abierta, a lo largo de sus más de tres décadas de existencia, ha sido formar, capacitar y promover el acceso al conocimiento, basándose en un modelo y prácticas pedagógicas inclusivas y sostenibles, orientadas a la promoción y valorización del conocimiento y a la integración cultural y social en lengua portuguesa.</p>



<p>El proyecto Educ@rteNatureza es fruto de la organización conjunta de la Facultad de Psicología y Ciencias de la Educación de la Universidad de Coímbra, el Ayuntamiento de Cantanhede y la <a href="https://portal.uab.pt/" data-type="link" data-id="https://portal.uab.pt/">Universidade Aberta Portugal</a>. </p>



<p></p>



<p></p>

Creada en 1988, la Universidad Abierta (UAb) es la única universidad pública a distancia de Portugal. Por su finalidad, la UAb hace un uso integral de las más avanzadas tecnologías y métodos de enseñanza a distancia en sus actividades docentes, sin fronteras geográficas ni barreras físicas, y poniendo especial énfasis en la expansión de la [&hellip;]
